{"id":8,"date":"2021-02-23T20:12:12","date_gmt":"2021-02-23T23:12:12","guid":{"rendered":"http:\/\/bfxc.com.br\/2021\/?page_id=8"},"modified":"2025-03-30T12:20:50","modified_gmt":"2025-03-30T15:20:50","slug":"bem-vindos","status":"publish","type":"page","link":"https:\/\/bfxc.com.br\/2021\/","title":{"rendered":"Bem-Vindos!"},"content":{"rendered":"\t\t<div data-elementor-type=\"wp-page\" data-elementor-id=\"8\" class=\"elementor elementor-8\" data-elementor-post-type=\"page\">\n\t\t\t\t\t\t<section class=\"elementor-section elementor-top-section elementor-element elementor-element-9dd89df elementor-section-boxed elementor-section-height-default elementor-section-height-default\" data-id=\"9dd89df\" data-element_type=\"section\" data-settings=\"{&quot;ekit_has_onepagescroll_dot&quot;:&quot;yes&quot;}\">\n\t\t\t\t\t\t<div class=\"elementor-container elementor-column-gap-default\">\n\t\t\t\t\t<div class=\"elementor-column elementor-col-100 elementor-top-column elementor-element elementor-element-bed6a5e\" data-id=\"bed6a5e\" data-element_type=\"column\">\n\t\t\t<div class=\"elementor-widget-wrap elementor-element-populated\">\n\t\t\t\t\t\t<div class=\"elementor-element elementor-element-860b0b0 elementor-widget elementor-widget-elementskit-blog-posts\" data-id=\"860b0b0\" data-element_type=\"widget\" data-settings=\"{&quot;ekit_we_effect_on&quot;:&quot;none&quot;}\" data-widget_type=\"elementskit-blog-posts.default\">\n\t\t\t\t<div class=\"elementor-widget-container\">\n\t\t\t\t\t<div class=\"ekit-wid-con\" >\n        <div id=\"post-items--860b0b0\" class=\"row post-items ekit-blog-posts-content wihout-masonry \" data-enable=\"no\">\n\n\t\t\t<!-- Blog Carousel markup render -->\n\t\t\t\n\n            <div class=\"col-lg-6 col-md-6\">\n\n                                    <div class=\"elementskit-post-image-card\">\n                        <div class=\"elementskit-entry-header\">\n                                                            <a href=\"https:\/\/bfxc.com.br\/2021\/em-breve-entre-relogios-impacientes-e-olhares-calculados-um-torneio-semipensado-anunciara-seus-vencedores\/\" class=\"elementskit-entry-thumb\">\n                                    <img decoding=\"async\" src=\"https:\/\/bfxc.com.br\/2021\/wp-content\/uploads\/2026\/03\/ddbfa8c5-7a9e-45e9-bc6f-6ecee122ef61-768x768.jpg\" alt=\"Finalmente, o retorno do velho e bom xadrez raiz \u2014 e, para que a cena fosse perfeita, s\u00f3 nos faltariam Bobby Fischer e Boris Spassky.\">\n                                <\/a><!-- .elementskit-entry-thumb END -->\n                                                            \n                            \n                                                    <\/div><!-- .elementskit-entry-header END -->\n\n                        <div class=\"elementskit-post-body \">\n                            \n                                        \n                                        \t\t\t\t\t\t\t\t\t\t                <h2 class=\"entry-title\">\n                    <a href=\"https:\/\/bfxc.com.br\/2021\/em-breve-entre-relogios-impacientes-e-olhares-calculados-um-torneio-semipensado-anunciara-seus-vencedores\/\">\n                            Finalmente, o retorno do velho e bom xadrez raiz \u2014 e, para&hellip;                    <\/a>\n                <\/h2>\n                                                        \n                                                                                                                                                                                                                                                                <div class=\"btn-wraper\">\n                                    \n                                                                            <a href=\"https:\/\/bfxc.com.br\/2021\/em-breve-entre-relogios-impacientes-e-olhares-calculados-um-torneio-semipensado-anunciara-seus-vencedores\/\" class=\"elementskit-btn  whitespace--normal\" >\n                                        <i aria-hidden=\"true\" class=\"fas fa-chess-knight\"><\/i>                                            Abrir                                        <\/a>\n                                                                    <\/div>\n                                                    <\/div><!-- .elementskit-post-body END -->\n                    <\/div>\n                \n            <\/div>\t\t\t\t\n\n            <div class=\"col-lg-6 col-md-6\">\n\n                                    <div class=\"elementskit-post-image-card\">\n                        <div class=\"elementskit-entry-header\">\n                                                            <a href=\"https:\/\/bfxc.com.br\/2021\/o-sul-mato-grossense-esteve-a-um-sopro-da-consagracao-quase-chegou-la\/\" class=\"elementskit-entry-thumb\">\n                                    <img decoding=\"async\" src=\"https:\/\/bfxc.com.br\/2021\/wp-content\/uploads\/2026\/03\/6c6ce087-0aa0-4e67-8c99-41338546e33c.jpg\" alt=\"O sul-mato-grossense esteve a um sopro da consagra\u00e7\u00e3o. Quase chegou l\u00e1!\">\n                                <\/a><!-- .elementskit-entry-thumb END -->\n                                                            \n                            \n                                                    <\/div><!-- .elementskit-entry-header END -->\n\n                        <div class=\"elementskit-post-body \">\n                            \n                                        \n                                        \t\t\t\t\t\t\t\t\t\t                <h2 class=\"entry-title\">\n                    <a href=\"https:\/\/bfxc.com.br\/2021\/o-sul-mato-grossense-esteve-a-um-sopro-da-consagracao-quase-chegou-la\/\">\n                            O sul-mato-grossense esteve a um sopro da consagra\u00e7\u00e3o. Quase chegou l\u00e1!                    <\/a>\n                <\/h2>\n                                                        \n                                                                                                                                                                                                                                                                <div class=\"btn-wraper\">\n                                    \n                                                                            <a href=\"https:\/\/bfxc.com.br\/2021\/o-sul-mato-grossense-esteve-a-um-sopro-da-consagracao-quase-chegou-la\/\" class=\"elementskit-btn  whitespace--normal\" >\n                                        <i aria-hidden=\"true\" class=\"fas fa-chess-knight\"><\/i>                                            Abrir                                        <\/a>\n                                                                    <\/div>\n                                                    <\/div><!-- .elementskit-post-body END -->\n                    <\/div>\n                \n            <\/div>\t\t\t\t\n\n            <div class=\"col-lg-6 col-md-6\">\n\n                                    <div class=\"elementskit-post-image-card\">\n                        <div class=\"elementskit-entry-header\">\n                                                            <a href=\"https:\/\/bfxc.com.br\/2021\/veni-vidi-vici-conquistei-trinquei-e-brindei\/\" class=\"elementskit-entry-thumb\">\n                                    <img decoding=\"async\" src=\"https:\/\/bfxc.com.br\/2021\/wp-content\/uploads\/2025\/11\/ced264ea-8b14-4b93-978d-ff399f9a6bcd.jpeg\" alt=\"&#8220;Veni, vidi, vici&#8221;  \u201cConquistei, trinquei e brindei&#8230;\">\n                                <\/a><!-- .elementskit-entry-thumb END -->\n                                                            \n                            \n                                                    <\/div><!-- .elementskit-entry-header END -->\n\n                        <div class=\"elementskit-post-body \">\n                            \n                                        \n                                        \t\t\t\t\t\t\t\t\t\t                <h2 class=\"entry-title\">\n                    <a href=\"https:\/\/bfxc.com.br\/2021\/veni-vidi-vici-conquistei-trinquei-e-brindei\/\">\n                            &#8220;Veni, vidi, vici&#8221; \u201cConquistei, trinquei e brindei&#8230;                    <\/a>\n                <\/h2>\n                                                        \n                                                                                                                                                                                                                                                                <div class=\"btn-wraper\">\n                                    \n                                                                            <a href=\"https:\/\/bfxc.com.br\/2021\/veni-vidi-vici-conquistei-trinquei-e-brindei\/\" class=\"elementskit-btn  whitespace--normal\" >\n                                        <i aria-hidden=\"true\" class=\"fas fa-chess-knight\"><\/i>                                            Abrir                                        <\/a>\n                                                                    <\/div>\n                                                    <\/div><!-- .elementskit-post-body END -->\n                    <\/div>\n                \n            <\/div>\t\t\t\t\n\n            <div class=\"col-lg-6 col-md-6\">\n\n                                    <div class=\"elementskit-post-image-card\">\n                        <div class=\"elementskit-entry-header\">\n                                                            <a href=\"https:\/\/bfxc.com.br\/2021\/pequenos-campeoes-e-grandes-emocoes\/\" class=\"elementskit-entry-thumb\">\n                                    <img decoding=\"async\" src=\"https:\/\/bfxc.com.br\/2021\/wp-content\/uploads\/2025\/11\/9fc977d0-6766-4ae2-b4be-e09a4e2bfa3b-768x576.jpeg\" alt=\"PEQUENOS CAMPE\u00d5ES E GRANDES EMO\u00c7\u00d5ES!\">\n                                <\/a><!-- .elementskit-entry-thumb END -->\n                                                            \n                            \n                                                    <\/div><!-- .elementskit-entry-header END -->\n\n                        <div class=\"elementskit-post-body \">\n                            \n                                        \n                                        \t\t\t\t\t\t\t\t\t\t                <h2 class=\"entry-title\">\n                    <a href=\"https:\/\/bfxc.com.br\/2021\/pequenos-campeoes-e-grandes-emocoes\/\">\n                            PEQUENOS CAMPE\u00d5ES E GRANDES EMO\u00c7\u00d5ES!                    <\/a>\n                <\/h2>\n                                                        \n                                                                                                                                                                                                                                                                <div class=\"btn-wraper\">\n                                    \n                                                                            <a href=\"https:\/\/bfxc.com.br\/2021\/pequenos-campeoes-e-grandes-emocoes\/\" class=\"elementskit-btn  whitespace--normal\" >\n                                        <i aria-hidden=\"true\" class=\"fas fa-chess-knight\"><\/i>                                            Abrir                                        <\/a>\n                                                                    <\/div>\n                                                    <\/div><!-- .elementskit-post-body END -->\n                    <\/div>\n                \n            <\/div>\t\t\t\t\n\n            <div class=\"col-lg-6 col-md-6\">\n\n                                    <div class=\"elementskit-post-image-card\">\n                        <div class=\"elementskit-entry-header\">\n                                                            <a href=\"https:\/\/bfxc.com.br\/2021\/torneio-fernando-ferrari-estancia-velha\/\" class=\"elementskit-entry-thumb\">\n                                    <img decoding=\"async\" src=\"https:\/\/bfxc.com.br\/2021\/wp-content\/uploads\/2025\/08\/458ba6bd-ea2a-4c4b-b67a-4a073bea8039-768x432.jpeg\" alt=\"Victor Rafael Carreiro \u00e9 o grande campe\u00e3o do 1\u00ba Torneio de Xadrez Fernando Ferrari\">\n                                <\/a><!-- .elementskit-entry-thumb END -->\n                                                            \n                            \n                                                    <\/div><!-- .elementskit-entry-header END -->\n\n                        <div class=\"elementskit-post-body \">\n                            \n                                        \n                                        \t\t\t\t\t\t\t\t\t\t                <h2 class=\"entry-title\">\n                    <a href=\"https:\/\/bfxc.com.br\/2021\/torneio-fernando-ferrari-estancia-velha\/\">\n                            Victor Rafael Carreiro \u00e9 o grande campe\u00e3o do 1\u00ba Torneio de Xadrez&hellip;                    <\/a>\n                <\/h2>\n                                                        \n                                                                                                                                                                                                                                                                <div class=\"btn-wraper\">\n                                    \n                                                                            <a href=\"https:\/\/bfxc.com.br\/2021\/torneio-fernando-ferrari-estancia-velha\/\" class=\"elementskit-btn  whitespace--normal\" >\n                                        <i aria-hidden=\"true\" class=\"fas fa-chess-knight\"><\/i>                                            Abrir                                        <\/a>\n                                                                    <\/div>\n                                                    <\/div><!-- .elementskit-post-body END -->\n                    <\/div>\n                \n            <\/div>\t\t\t\t\n\n            <div class=\"col-lg-6 col-md-6\">\n\n                                    <div class=\"elementskit-post-image-card\">\n                        <div class=\"elementskit-entry-header\">\n                                                            <a href=\"https:\/\/bfxc.com.br\/2021\/1o-torneio-galderio-de-xadrez-classificacao-e-fotos\/\" class=\"elementskit-entry-thumb\">\n                                    <img decoding=\"async\" src=\"https:\/\/bfxc.com.br\/2021\/wp-content\/uploads\/2025\/09\/cd415f5e-5730-43ca-9e6f-9da7e56ad6eb-2-768x432.jpeg\" alt=\"1\u00ba TORNEIO GALD\u00c9RIO DE XADREZ CLASSIFICA\u00c7\u00c3O E FOTOS\">\n                                <\/a><!-- .elementskit-entry-thumb END -->\n                                                            \n                            \n                                                    <\/div><!-- .elementskit-entry-header END -->\n\n                        <div class=\"elementskit-post-body \">\n                            \n                                        \n                                        \t\t\t\t\t\t\t\t\t\t                <h2 class=\"entry-title\">\n                    <a href=\"https:\/\/bfxc.com.br\/2021\/1o-torneio-galderio-de-xadrez-classificacao-e-fotos\/\">\n                            1\u00ba TORNEIO GALD\u00c9RIO DE XADREZ CLASSIFICA\u00c7\u00c3O E FOTOS                    <\/a>\n                <\/h2>\n                                                        \n                                                                                                                                                                                                                                                                <div class=\"btn-wraper\">\n                                    \n                                                                            <a href=\"https:\/\/bfxc.com.br\/2021\/1o-torneio-galderio-de-xadrez-classificacao-e-fotos\/\" class=\"elementskit-btn  whitespace--normal\" >\n                                        <i aria-hidden=\"true\" class=\"fas fa-chess-knight\"><\/i>                                            Abrir                                        <\/a>\n                                                                    <\/div>\n                                                    <\/div><!-- .elementskit-post-body END -->\n                    <\/div>\n                \n            <\/div>\t\t\t\t        <\/div>\n        \n        \n                    <div \n            data-ekit-blog-post-style=\"numbered\"\n            class=\"ekit-blog-post-pagination-container ekit-blog-post-pagination-style-numbered\" \n            id=\"post-nagivation--860b0b0\">\n                <span aria-current=\"page\" class=\"page-numbers current\">1<\/span>\n<a class=\"page-numbers\" href=\"https:\/\/bfxc.com.br\/2021\/wp-json\/wp\/v2\/pages\/8\/?ekit-blog-posts-paged=2\">2<\/a>\n<a class=\"page-numbers\" href=\"https:\/\/bfxc.com.br\/2021\/wp-json\/wp\/v2\/pages\/8\/?ekit-blog-posts-paged=3\">3<\/a>\n<span class=\"page-numbers dots\">&hellip;<\/span>\n<a class=\"page-numbers\" href=\"https:\/\/bfxc.com.br\/2021\/wp-json\/wp\/v2\/pages\/8\/?ekit-blog-posts-paged=23\">23<\/a>\n<a class=\"next page-numbers\" href=\"https:\/\/bfxc.com.br\/2021\/wp-json\/wp\/v2\/pages\/8\/?ekit-blog-posts-paged=2\">Next<\/a>            <\/div>\n\n            <\/div>\t\t\t\t<\/div>\n\t\t\t\t<\/div>\n\t\t\t\t\t<\/div>\n\t\t<\/div>\n\t\t\t\t\t<\/div>\n\t\t<\/section>\n\t\t\t\t<\/div>\n\t\t","protected":false},"excerpt":{"rendered":"<p>DIA 29 N\u00c3O PERCA \/2\u00baTORNEIO DO IMIGRANTE DE XADREZ Abrir SUPERTORNEIO 65 ANOS AABB S\u00c3O LEOPOLDO Abrir SUPER TORNEIO ANITA GARIBALDI Abrir FIUZA em manh\u00e3 de GM Abrir XADREZ COL\u00c9GIO LUTERANO ARTHUR KONRATH- CLASSIFICA\u00c7\u00c3O E FOTOS Abrir CLASSIFICA\u00c7\u00c3O FINAL E FOTOS TORNEIO IMIGRANTE \u2013 AABB\/S\u00c3O LEOPOLDO Abrir 1 2 3 \u2026 21 Next<\/p>\n","protected":false},"author":1,"featured_media":76,"parent":0,"menu_order":0,"comment_status":"closed","ping_status":"closed","template":"elementor_header_footer","meta":{"footnotes":""},"class_list":["post-8","page","type-page","status-publish","has-post-thumbnail","hentry"],"_links":{"self":[{"href":"https:\/\/bfxc.com.br\/2021\/wp-json\/wp\/v2\/pages\/8","targetHints":{"allow":["GET"]}}],"collection":[{"href":"https:\/\/bfxc.com.br\/2021\/wp-json\/wp\/v2\/pages"}],"about":[{"href":"https:\/\/bfxc.com.br\/2021\/wp-json\/wp\/v2\/types\/page"}],"author":[{"embeddable":true,"href":"https:\/\/bfxc.com.br\/2021\/wp-json\/wp\/v2\/users\/1"}],"replies":[{"embeddable":true,"href":"https:\/\/bfxc.com.br\/2021\/wp-json\/wp\/v2\/comments?post=8"}],"version-history":[{"count":99,"href":"https:\/\/bfxc.com.br\/2021\/wp-json\/wp\/v2\/pages\/8\/revisions"}],"predecessor-version":[{"id":49093,"href":"https:\/\/bfxc.com.br\/2021\/wp-json\/wp\/v2\/pages\/8\/revisions\/49093"}],"wp:featuredmedia":[{"embeddable":true,"href":"https:\/\/bfxc.com.br\/2021\/wp-json\/wp\/v2\/media\/76"}],"wp:attachment":[{"href":"https:\/\/bfxc.com.br\/2021\/wp-json\/wp\/v2\/media?parent=8"}],"curies":[{"name":"wp","href":"https:\/\/api.w.org\/{rel}","templated":true}]}}